2*f**2 - 13 + 0*f + 2*f**2 + 12*f - 8*f**2. What is the tens digit of i(-10)?
6
Let m be 72/21 - (-8)/14. Suppose -115 = -4*j - 5*l, 4*j - m*l = -6*l + 130. What is the units digit of j?
5
Let x = -1589 - -2270. What is the tens digit of x?
8
What is the hundreds digit of (-203)/(3 - 588/192)?
2
Suppose -3*l + 564 = -4*y, -2*l + 3*y - 376 = -4*l. Suppose 2*n + 5*k - 164 = k, -2*n + 4*k + l = 0. What is the tens digit of n?
8
Suppose -3*w + 11*o + 1523 = 9*o, -w + 5*o = -499. What is the hundreds digit of w?
5
Suppose s + 5*g = 490, 3*g = 5*s - 2*g - 2510. What is the tens digit of s?
0
Let r be 4/(-6) + 80/(-15). Let y(u) = -u**3 - 7*u**2 - 6*u + 5. Let m be y(r). Suppose -5*j + m*f + 100 = 0, j - 65 = -2*j + 2*f. What is the tens digit of j?
2
What is the tens digit of (7 + -9)*(-2 + -204)?
1
Let m = 6 - 6. Suppose 6*c - 21 + 3 = m. Suppose -3*d + 4*r = 3 - 17, -c*d + 46 = 4*r. What is the tens digit of d?
1
What is the tens digit of (6 - 0 - -2572) + 4?
8
Let t = -2 + 5. Let z be (1 - -3)/(t + -1). Suppose -z*f + 5*f = -x + 28, 4*f - 20 = 0. What is the units digit of x?
3
Let t = 11 + 75. What is the units digit of t?
6
Suppose 14*n - 2540 = 10*n. What is the hundreds digit of n?
6
Let l be ((-56)/(-98))/(4/70). What is the tens digit of 3 + (-68)/20 - (-204)/l?
2
Let l be 4 + -2 + (-4)/(-5 + 1). What is the tens digit of 3/(l + 0)*(1 + 20)?
2
Suppose 2*q + 15 = 5*q + 4*l, 0 = -2*q + l + 10. Suppose -q = c, -3*o + c + 266 = -0*o. What is the units digit of o?
7
Let c(x) = -x**2 - 19*x + 2. Let z be c(-19). Suppose -z*i = 2*d - 3*i - 28, -4*i - 70 = -5*d. What is the tens digit of d?
1
Let w(c) = -c**3 - 3*c**2 + 9*c - 2. Let k be w(-4). What is the hundreds digit of (k/(-3))/((-6)/(-90))?
1
Suppose -5*q - 914 + 3984 = 0. What is the tens digit of q?
1
Let z(m) = 1 + m**2 - 31*m + 1 + 25*m. Let w be z(5). Let o = w + 7. What is the units digit of o?
4
Let n(z) = 1168*z - 39. What is the thousands digit of n(2)?
2
Let v = 110 + -49. What is the tens digit of v?
6
Suppose p + 53 = -3. What is the units digit of (-16)/p + (-332)/(-14)?
4
Let v(m) = -m - 29. Let q(k) = -5*k - 115. Let r(s) = 2*q(s) - 9*v(s). What is the units digit of r(17)?
4
Let l = 26 + -21. Suppose 0 = 4*d + 3*n + 44, 78 = -l*d + 2*n - 0*n. What is the units digit of (d/(-2))/((-6)/(-42))?
9
Suppose -1843 = -5*k + 192. What is the tens digit of k?
0
Suppose 8*w = 26*w - 12762. What is the hundreds digit of w?
7
Let w be 3 + (-1 - (-1 - -1)). Suppose -w*r + 4*j - 11 + 39 = 0, 0 = 4*r - 2*j - 26. What is the units digit of ((-3)/(-6))/(2/r)?
1
Let l(i) = 2*i**2 + 4*i + 435. What is the hundreds digit of l(0)?
4
Suppose 4*f = 2*b - 10, f - 3*b = 2*b + 11. Let t = f + 93. Suppose -3*n + s = -t, -4*n = 3*s - 8*s - 137. What is the units digit of n?
8
Let l be (-20 + 23)*3/((-18)/(-4)). Suppose 4*t + t = 0. Suppose -q - l*h + 18 = t, 3*q - 77 = -5*h - 28. What is the units digit of q?
8
Let h(j) = 6 - 3*j**2 + 14 - 3 + 4*j**2 - j. What is the tens digit of h(-7)?
7
Let t = -79 + 25. Let m = 26 - t. What is the units digit of m?
0
Suppose 0 = -9*q + 13*q - 64. Let s = 17 - q. What is the units digit of s?
1
Let l = -9 + 9. Let z be 1 + 8/(l - -4). Suppose -z*t + 26 = u, -2*u - u = -5*t + 20. What is the units digit of t?
7
Let v = -14 + 14. Suppose v = 2*z + 3*z. Suppose -12 + z = -2*m. What is the units digit of m?
6
Let t = -823 - -1615. What is the hundreds digit of t?
7
Let c(s) = s**2 + 5*s + 8. Suppose -5*d = -5, -v + d + d = 12. What is the units digit of c(v)?
8
Let a = -3135 - -7472. What is the units digit of a?
7
Let a(n) = 31*n**2 + 13*n + 16. What is the tens digit of a(-7)?
4
Let p(l) be the second derivative of 5*l**3/3 - 3*l**2/2 + 2*l. What is the units digit of p(3)?
7
What is the hundreds digit of (205/(-25) - -3)/((-7)/385)?
2
Let j = -33 + 32. Let t be ((-4)/(-4))/(-1) - j. What is the tens digit of 32 + 4 - 4 - t?
3
Suppose 4*h + 1215 = 5*q - 1930, -629 = -q + 4*h. What is the hundreds digit of q?
6
Let l = -77 + 80. Let p = 7 + -4. What is the units digit of 1/l + 38/p?
3
What is the hundreds digit of (-25854)/(-7) + ((-608)/112 - -5)?
6
Let m(q) = -3 + q + 2*q - 2*q**2 - 6*q. Let w be m(-5). Let s = 12 - w. What is the tens digit of s?
5
Suppose 8439 = 3*a - 2*i, -2*a - 2*i = -48 - 5568. What is the tens digit of a?
1
Let t = 71 - 29. Suppose 38*l - t*l = -128. What is the units digit of l?
2
Suppose 5*t = 5*d + 10790, -3*t + 4*d - 833 = -7305. What is the tens digit of t?
6
Let i(j) = -40*j**3 + j + 2. Let z be i(-1). Let r = z + 12. What is the tens digit of r?
5
Suppose -10*c + 25 = -5. Suppose -3*i + 4*z = c*z - 606, -z + 3 = 0. What is the hundreds digit of i?
2
Suppose -16*p + 14 = -14*p. Suppose 3*o + 50 + p = 0. Let q = o + 30. What is the tens digit of q?
1
Suppose 12 = j + 3*v, 0*v + 8 = -4*v. Suppose 23 = p - 4*p + 4*m, 4*m = 2*p + j. Let w(o) = -o**2 - 12*o - 6. What is the units digit of w(p)?
9
Suppose -2*r + 0*r - 2*l = 92, -2*r - 3*l = 92. Let p = -1 - r. What is the units digit of p?
5
Let i(h) = 3*h**2 + 2*h - 85. What is the units digit of i(19)?
6
Suppose 5 = -d + 21. Suppose 6*m - 9 = -4*j + 3*m, -d = -5*j + m. What is the units digit of j?
3
Suppose -4*f + 362 = 222. Suppose i = v - 12, 0 = -3*v - i + f + 13. What is the units digit of v?
5
Let o(t) = t + 12. Let b be o(-11). Let w = 2 - b. What is the tens digit of w/((4/1)/48)?
1
Let p = -34 + 36. Suppose p*t - 6 = 94. What is the tens digit of t?
5
Suppose -2*s = -2*j - 26, 5*s - j - 9 = 52. Suppose -s*h - 140 = -7*h. What is the tens digit of 1/1 - (3 + h)?
2
Suppose h - 36 - 29 = 0. What is the tens digit of h?
6
Suppose 99*x - 59366 - 167542 = 0. What is the units digit of x?
2
Let i be 3/135*321 + (-2)/15. Let s(y) = y**3 - 4*y**2 + 16*y - 12. What is the units digit of s(i)?
7
Suppose 5*t = 2*t. Suppose g - 16 - 21 = -4*u, t = -5*u + 3*g + 25. What is the tens digit of 9*(2 + u/12)?
2
Suppose 10*y - 2*d + 616 = 14*y, 2*d + 4 = 0. What is the units digit of y?
5
Suppose -3*a = -8*a - 370. Let t = -1 - a. What is the units digit of t?
3
Let m = 2460 + -575. What is the units digit of ((-4)/10)/((-13)/m)?
8
Let v(m) = -10*m - 23. Let n = 3 - 1. Let o be n*(2 - 2 - 4). What is the units digit of v(o)?
7
Let v = 9853 - 4911. What is the hundreds digit of v?
9
Let c be -21*(-1 + 16/12). Let h = 22 - 58. Let s = c - h. What is the tens digit of s?
2
Let w(u) = -2*u**3 + 22*u**2 + 6*u + 4. Suppose 6*h + 22 = 88. What is the tens digit of w(h)?
7
Suppose -21*k = 27*k - 28272. What is the tens digit of k?
8
Suppose 0 = 3*h - 479 - 229. What is the hundreds digit of h?
2
Let q be (12/(-6))/(1/10). Let k = q - -9. What is the units digit of k/(-33) + (-136)/(-6)?
3
Let w(d) = 18*d**2 - 18*d - 62. What is the units digit of w(-6)?
4
Suppose 9*u - 64 = -1. Suppose u*p - p - 162 = 0. What is the units digit of p?
7
Suppose -2*h - 5*l = -136 - 194, 4*l - 791 = -5*h. Let s = h + -107. What is the tens digit of s?
4
What is the units digit of 1661 + 10/5 - (-4)/(-1)?
9
What is the units digit of ((-7)/((-14)/(-3)))/((-2)/4)?
3
Let t = 396 + -178. What is the units digit of t?
8
Let f(g) = 150*g + 87. What is the thousands digit of f(13)?
2
Let w(t) = -t + 17. Let l be w(9). Suppose 4*s + l = 0, 0 = -4*k + s - 2*s - 18. What is the tens digit of (-102)/k*(-4)/(-6)?
1
Let v = -313 - -424. What is the units digit of v?
1
Suppose 8224 = 4*f + 2148. What is the thousands digit of f?
1
Suppose 2*a - 1502 - 1426 = 0. What is the thousands digit of a?
1
Let x(b) = 60*b**2 + 8 - 9*b**2 - 2 - 6*b. What is the units digit of x(2)?
8
Let s(v) = -v**3 - 15*v**2 - 24*v. What is the hundreds digit of s(-14)?
1
Suppose -5*f = -10 - 5. Suppose -f*l = -5*l + 6. What is the units digit of 7/(-3*l/(-9))?
7
Let w(p) be the first derivative of p**3/3 - 7*p**2/2 - 21*p + 2. What is the units digit of w(11)?
3
Let x be (-2 + 2)/(2 - 4). Suppose x = -5*j - s + 29 + 3, -6 = 2*s. Suppose j*w + 88 = 11*w. What is the units digit of w?
2
Let k(n) = 75*n + 238. What is the thousands digit of k(17)?
1
Let d = 94 + -66. Suppose 4*u + 3*u = d. Suppose q = 2*g - 139, u*q - 5*q + 62 = g. What is the tens digit of g?
6
Let g be (-2 + 3)/(4/32). Suppose 37 = 3*w + 2*v, 5*w - g*v - 70 = -13*v. What is the units digit of w?
9
Sup